ist the prime factors of 984.
2, 3, 41
What are the prime factors of 2424?
2, 3, 101
What are the prime factors of 65210?
2, 5, 6521
What are the prime factors of 6419?
7, 131
List the prime factors of 410.
2, 5, 41
What are the prime factors of 469?
7, 67
What are the prime factors of 2650?
2, 5, 53
What are the prime factors of 783?
3, 29
List the prime factors of 829.
829
List the prime factors of 40531.
40531
What are the prime factors of 1867?
1867
What are the prime factors of 2507?
23, 109
List the prime factors of 7980.
2, 3, 5, 7, 19
What are the prime factors of 37898?
2, 7, 2707
List the prime factors of 94.
2, 47
List the prime factors of 13074.
2, 3, 2179
List the prime factors of 687.
3, 229
List the prime factors of 8444.
2, 2111
List the prime factors of 1743.
3, 7, 83
What are the prime factors of 1742?
2, 13, 67
List the prime factors of 927.
3, 103
What are the prime factors of 18729?
3, 2081
What are the prime factors of 184?
2, 23
What are the prime factors of 2111?
2111
List the prime factors of 67324.
2, 16831
List the prime factors of 471.
3, 157
What are the prime factors of 21730?
2, 5, 41, 53
What are the prime factors of 6159?
3, 2053
What are the prime factors of 793?
13, 61
What are the prime factors of 22731?
3, 7577
What are the prime factors of 153?
3, 17
List the prime factors of 200.
2, 5
List the prime factors of 1422.
2, 3, 79
List the prime factors of 307.
307
List the prime factors of 55745.
5, 11149
List the prime factors of 849.
3, 283
What are the prime factors of 1788?
2, 3, 149
What are the prime factors of 51594?
2, 3, 8599
List the prime factors of 10407.
3, 3469
What are the prime factors of 94454?
2, 83, 569
List the prime factors of 6559.
7, 937
What are the prime factors of 42?
2, 3, 7
What are the prime factors of 1055?
5, 211
List the prime factors of 34836.
2, 3, 2903
List the prime factors of 2993.
41, 73
What are the prime factors of 1761?
3, 587
List the prime factors of 2765.
5, 7, 79
List the prime factors of 1199.
11, 109
What are the prime factors of 92219?
92219
List the prime factors of 3117.
3, 1039
What are the prime factors of 14537?
14537
What are the prime factors of 54546?
2, 3, 9091
What are the prime factors of 22409?
22409
List the prime factors of 2876.
2, 719
What are the prime factors of 64455?
3, 5, 4297
List the prime factors of 821.
821
List the prime factors of 4015.
5, 11, 73
What are the prime factors of 136993?
136993
List the prime factors of 25937.
37, 701
What are the prime factors of 11193?
3, 7, 13, 41
List the prime factors of 2732.
2, 683
List the prime factors of 2046.
2, 3, 11, 31
What are the prime factors of 1077?
3, 359
What are the prime factors of 275?
5, 11
List the prime factors of 933.
3, 311
What are the prime factors of 49684?
2, 12421
What are the prime factors of 41007?
3, 13669
What are the prime factors of 21000?
2, 3, 5, 7
What are the prime factors of 14153?
14153
List the prime factors of 110581.
110581
What are the prime factors of 8177?
13, 17, 37
What are the prime factors of 156832?
2, 13, 29
List the prime factors of 4408.
2, 19, 29
What are the prime factors of 892?
2, 223
List the prime factors of 114548.
2, 7, 4091
What are the prime factors of 5297?
5297
List the prime factors of 66.
2, 3, 11
List the prime factors of 75742.
2, 37871
What are the prime factors of 17807?
17807
What are the prime factors of 1828?
2, 457
List the prime factors of 28433.
28433
List the prime factors of 31888.
2, 1993
What are the prime factors of 55137?
3, 18379
What are the prime factors of 28463?
28463
What are the prime factors of 72860?
2, 5, 3643
What are the prime factors of 1996?
2, 499
List the prime factors of 1675.
5, 67
What are the prime factors of 3584?
2, 7
What are the prime factors of 9377?
9377
What are the prime factors of 161675?
5, 29, 223
List the prime factors of 59535.
3, 5, 7
What are the prime factors of 3157?
7, 11, 41
What are the prime factors of 4826?
2, 19, 127
What are the prime factors of 10539?
3, 1171
List the prime factors of 979.
11, 89
List the prime factors of 26821.
26821
List the prime factors of 922.
2, 461
List the prime factors of 6446.
2, 11, 293
List the prime factors of 1978.
2, 23, 43
List the prime factors of 4041.
3, 449
What are the prime factors of 34767?
3, 3863
What are the prime factors of 3430?
2, 5, 7
What are the prime factors of 646?
2, 17, 19
What are the prime factors of 5970?
2, 3, 5, 199
List the prime factors of 113.
113
What are the prime factors of 4268?
2, 11, 97
What are the prime factors of 3031?
7, 433
List the prime factors of 1985.
5, 397
List the prime factors of 164205.
3, 5, 41, 89
List the prime factors of 62031.
3, 23, 29, 31
List the prime factors of 2390.
2, 5, 239
List the prime factors of 86371.
86371
List the prime factors of 7194.
2, 3, 11, 109
What are the prime factors of 3982?
2, 11, 181
What are the prime factors of 5805?
3, 5, 43
List the prime factors of 11599.
7, 1657
What are the prime factors of 3920?
2, 5, 7
What are the prime factors of 13610?
2, 5, 1361
List the prime factors of 3770.
2, 5, 13, 29
List the prime factors of 4617.
3, 19
What are the prime factors of 17680?
2, 5, 13, 17
What are the prime factors of 7548?
2, 3, 17, 37
List the prime factors of 100.
2, 5
List the prime factors of 33110.
2, 5, 7, 11, 43
List the prime factors of 1403.
23, 61
List the prime factors of 248.
2, 31
List the prime factors of 3534.
2, 3, 19, 31
List the prime factors of 30161.
30161
What are the prime factors of 666?
2, 3, 37
What are the prime factors of 2512?
2, 157
What are the prime factors of 25646?
2, 12823
List the prime factors of 1519.
7, 31
List the prime factors of 5013.
3, 557
List the prime factors of 233.
233
List the prime factors of 10915.
5, 37, 59
List the prime factors of 32369.
32369
List the prime factors of 897.
3, 13, 23
List the prime factors of 4799.
4799
What are the prime factors of 7578?
2, 3, 421
List the prime factors of 3245.
5, 11, 59
What are the prime factors of 871?
13, 67
List the prime factors of 42002.
2, 21001
List the prime factors of 43165.
5, 89, 97
What are the prime factors of 6976?
2, 109
What are the prime factors of 5948?
2, 1487
List the prime factors of 39779.
39779
List the prime factors of 723.
3, 241
List the prime factors of 798.
2, 3, 7, 19
What are the prime factors of 94438?
2, 23, 2053
List the prime factors of 1447.
1447
List the prime factors of 12516.
2, 3, 7, 149
List the prime factors of 16367.
13, 1259
List the prime factors of 49108.
2, 12277
What are the prime factors of 4339?
4339
List the prime factors of 106029.
3, 7, 11, 17
List the prime factors of 5314.
2, 2657
List the prime factors of 9910.
2, 5, 991
List the prime factors of 69058.
2, 11, 43, 73
What are the prime factors of 980?
2, 5, 7
What are the prime factors of 1538?
2, 769
What are the prime factors of 1325?
5, 53
What are the prime factors of 29969?
23, 1303
What are the prime factors of 1248?
2, 3, 13
What are the prime factors of 43665?
3, 5, 41, 71
List the prime factors of 481.
13, 37
What are the prime factors of 85614?
2, 3, 19, 751
List the prime factors of 21266.
2, 7, 31
List the prime factors of 8045.
5, 1609
What are the prime factors of 4070?
2, 5, 11, 37
List the prime factors of 14907.
3, 4969
What are the prime factors of 1850?
2, 5, 37
List the prime factors of 3724.
2, 7, 19
What are the prime factors of 5328?
2, 3, 37
List the prime factors of 2247.
3, 7, 107
What are the prime factors of 1809?
3, 67
List the prime factors of 4416.
2, 3, 23
List the prime factors of 751.
751
List the prime factors of 1354.
2, 677
List the prime factors of 964.
2, 241
List the prime factors of 5790.
2, 3, 5, 193
What are the prime factors of 1403?
23, 61
What are the prime factors of 72257?
19, 3803
What are the prime factors of 101442?
2, 3, 11, 29, 53
List the prime factors of 1973.
1973
What are the prime factors of 1353?
3, 11, 41
What are the prime factors of 6634?
2, 31, 107
What are the prime factors of 1079?
13, 83
List the prime factors of 13365.
3, 5, 11
What are the prime factors of 3112?
2, 389
List the prime factors of 14583.
3, 4861
List the prime factors of 8484.
2, 3, 7, 101
List the prime factors of 32471.
19, 1709
W